{"id":1233,"date":"2022-04-25T11:55:07","date_gmt":"2022-04-25T11:55:07","guid":{"rendered":"https:\/\/www.fewo-windrose-schoenbergerstrand.de\/?page_id=1233"},"modified":"2026-01-17T11:31:43","modified_gmt":"2026-01-17T11:31:43","slug":"strandurlaub-in-schoenberg","status":"publish","type":"page","link":"https:\/\/www.fewo-windrose-schoenbergerstrand.de\/?page_id=1233","title":{"rendered":"Strandurlaub in Sch\u00f6nberg"},"content":{"rendered":"\n<figure class=\"wp-block-image alignfull size-large\"><img loading=\"lazy\" width=\"1024\" height=\"576\" src=\"https:\/\/www.fewo-windrose-schoenbergerstrand.de\/wp-content\/uploads\/2022\/05\/20220503_201017-1024x576.jpg\" alt=\"\" class=\"wp-image-1617\" srcset=\"https:\/\/www.fewo-windrose-schoenbergerstrand.de\/wp-content\/uploads\/2022\/05\/20220503_201017-1024x576.jpg 1024w, https:\/\/www.fewo-windrose-schoenbergerstrand.de\/wp-content\/uploads\/2022\/05\/20220503_201017-300x169.jpg 300w, https:\/\/www.fewo-windrose-schoenbergerstrand.de\/wp-content\/uploads\/2022\/05\/20220503_201017-768x432.jpg 768w, https:\/\/www.fewo-windrose-schoenbergerstrand.de\/wp-content\/uploads\/2022\/05\/20220503_201017-1536x864.jpg 1536w, https:\/\/www.fewo-windrose-schoenbergerstrand.de\/wp-content\/uploads\/2022\/05\/20220503_201017-2048x1152.jpg 2048w\" sizes=\"(max-width: 1024px) 100vw, 1024px\" \/><\/figure>\n\n\n\n<div style=\"height:30px\" aria-hidden=\"true\" class=\"wp-block-spacer\"><\/div>\n\n\n\n<h1 class=\"has-text-align-center has-small-font-size\"><strong>SCH\u00d6NBERGER STRAND UND UMGEBUNG<\/strong><\/h1>\n\n\n\n<h2 class=\"has-text-align-center has-text-color\" id=\"schedule-a-visit\" style=\"color:#80abc4;font-size:30px;line-height:1.15\"><strong>Bi uns in&#8216; Norden<\/strong><\/h2>\n\n\n\n<p class=\"has-text-align-center has-text-color\" style=\"color:#18344c\">In Schleswig-Holstein an den Ausl\u00e4ufern der Kieler F\u00f6rde befindet sich das Ostseebad Sch\u00f6nberg. Der Ortsteil Sch\u00f6nberger Strand liegt direkt an der K\u00fcstenlinie, er wartet mit einem langen, wei\u00dfsandigen Strand auf, der flach in die Ostsee abf\u00e4llt. Das Strandleben am Sch\u00f6nberger Strand ist vielseitig. Auf dem Asphaltweg entlang des Deichfu\u00dfes l\u00e4sst es sich wunderbar skaten, radfahren und spazierengehen, immer mit Blick auf die Wellen und den Horizont. Auf dem Vorplatz der Seebr\u00fccke finden jedes Jahr mehrere Konzerte und M\u00e4rkte statt. Ein H\u00f6hepunkt ist das j\u00e4hrlich im Sommer stattfindende Seebr\u00fcckenfest mit viel Livemusik, Aktionen f\u00fcr Kinder und Erwachsene sowie dem gro\u00dfen Feuerwerk. Von der Seebr\u00fccke starten den Sommer \u00fcber erlebnisreiche Schiffsausfl\u00fcge.<\/p>\n\n\n\n<div style=\"height:50px\" aria-hidden=\"true\" class=\"wp-block-spacer\"><\/div>\n\n\n\n<p class=\"has-text-align-center has-text-color has-small-font-size\" style=\"color:#18344c;line-height:.9\"><strong>EVENTS<\/strong><\/p>\n\n\n\n<h2 class=\"has-text-align-center has-text-color\" id=\"schedule-a-visit\" style=\"color:#80abc4;font-size:30px;line-height:1.15\"><strong>Und was ist so los?<br>Veranstaltungen 2026<\/strong><\/h2>\n\n\n\n<section class=\"time-line-box\">\n            <div class=\"swiper-container text-center\"> \n                <div class=\"swiper-wrapper\">\n                   <div class=\"swiper-slide\">\n                      <div class=\"timestamp\"><span class=\"date\">20.-28.06.2026<\/span><\/div>\n                      <div class=\"status\"><span><font color=\"#4c7f9f\"><b>Kieler Woche<\/b><\/font><br><font size=\"2\">Das gr\u00f6\u00dfte Segelsportereignis der Welt und zugleich das gr\u00f6\u00dfte Sommerfest im Norden Europas<\/font><\/span><\/div>\n                    <\/div>\n                    <div class=\"swiper-slide\">\n                      <div class=\"timestamp\"><span class=\"date\">17.-19.07.2026<\/span><\/div>\n                      <div class=\"status\"><span><font color=\"#4c7f9f\"><b>Seebr\u00fcckenfest<\/b><\/font><br><font size=\"2\">Das allj\u00e4hrliche Highlight an der Sch\u00f6nberger Seebr\u00fccke mit einem phantastischen H\u00f6henfeuerwerk am Samstagabend<\/font><\/span><\/div>\n                    <\/div>\n                    <div class=\"swiper-slide\">\n                      <div class=\"timestamp\"><span class=\"date\">25.07.-23.08.2026<\/span><\/div>\n                      <div class=\"status\"><span><font color=\"#4c7f9f\"><b>Probsteier Korntage<\/b><\/font><br><font size=\"2\">Traditionsveranstaltung mit tollen Aktionen rund ums Korn. Fantasievolle Strohfiguren zieren die Stra\u00dfen und Wege im ganzen Probsteier Land<\/font><\/span><\/div>\n                    <\/div>\n<!-- <div class=\"swiper-slide\">\n                      <div class=\"timestamp\"><span class=\"date\">08.-10.08.2025<\/span><\/div>\n                      <div class=\"status\"><span><font color=\"#4c7f9f\"><b>Weinfest an der Seebr\u00fccke<\/b><\/font><br><font size=\"2\">Neben Wein und Sekt werden auch Flammkuchen und andere Spezialit\u00e4ten angeboten<\/font><\/span><\/div>\n                    <\/div>\n <div class=\"swiper-slide\">\n                      <div class=\"timestamp\"><span class=\"date\">20.-21.09.2025<\/span><\/div>\n                      <div class=\"status\"><span><font color=\"#4c7f9f\"><b>Drachenfest<\/b><\/font><br><font size=\"2\">Riesige Showdrachen werden schon von weit her zu sehen sein. Rundherum gibt es ein attraktives Progamm mit vielen Aktivit\u00e4ten, Speisen und Getr\u00e4nken<\/font><\/span><\/div>\n                    <\/div> -->\n\n                    \n<!--\n<div class=\"swiper-slide\">\n                      <div class=\"timestamp\"><span class=\"date\">05.-06.07.2024<\/span><\/div>\n                      <div class=\"status\"><span><font color=\"#4c7f9f\"><b>Weinfest Laboe<\/b><\/font><br><font size=\"2\">Ein Eventklassiker auf dem Ostufer der Kieler F\u00f6rde<\/font><\/span><\/div>\n                    <\/div>                   \n <div class=\"swiper-slide\">\n                      <div class=\"timestamp\"><span class=\"date\">26.-28.08.2022<\/span><\/div>\n                      <div class=\"status\"><span><font color=\"#4c7f9f\"><b>Baltic Beachdays<\/b><\/font><br><font size=\"2\">Live Musikkonzerte, Surfsport und ein umfangreiches Rahmenprogramm, das Jung und Alt unterh\u00e4lt<\/font><\/span><\/div>\n                    <\/div>\n<div class=\"swiper-slide\">\n                      <div class=\"timestamp\"><span class=\"date\">06.-27.08.2022<\/span><\/div>\n                      <div class=\"status\"><span><font color=\"#4c7f9f\"><b>Kino am Meer<\/b><\/font><br><font size=\"2\">Holywood zu Gast in Kalifornien. Im August werden beim Kino am Meer jeden Dienstag gro\u00dfartige Blockbuster gezeigt.<\/font><\/span><\/div>\n                    <\/div>\n-->\n                  <\/div>\n                <div class=\"swiper-pagination\"><\/div>\n            <\/div>\n       <\/section>\n\n\n\n<p class=\"has-text-align-center has-text-color\" style=\"color:#18344c\">Informationen zu den Veranstaltungen und weitere Ereignisse finden Sie unter <a href=\"https:\/\/www.schoenberg.de\/veranstaltungskalender\">https:\/\/www.schoenberg.de\/veranstaltungen<\/a><\/p>\n\n\n\n<div style=\"height:50px\" aria-hidden=\"true\" class=\"wp-block-spacer\"><\/div>\n\n\n\n<figure class=\"wp-block-image alignfull is-style-default\"><img loading=\"lazy\" width=\"2560\" height=\"1443\" src=\"https:\/\/www.fewo-windrose-schoenbergerstrand.de\/wp-content\/uploads\/2022\/07\/20220702_142118-scaled.jpg\" alt=\"\" class=\"wp-image-2738\" srcset=\"https:\/\/www.fewo-windrose-schoenbergerstrand.de\/wp-content\/uploads\/2022\/07\/20220702_142118-scaled.jpg 2560w, https:\/\/www.fewo-windrose-schoenbergerstrand.de\/wp-content\/uploads\/2022\/07\/20220702_142118-300x169.jpg 300w, https:\/\/www.fewo-windrose-schoenbergerstrand.de\/wp-content\/uploads\/2022\/07\/20220702_142118-1024x577.jpg 1024w, https:\/\/www.fewo-windrose-schoenbergerstrand.de\/wp-content\/uploads\/2022\/07\/20220702_142118-768x433.jpg 768w, https:\/\/www.fewo-windrose-schoenbergerstrand.de\/wp-content\/uploads\/2022\/07\/20220702_142118-1536x866.jpg 1536w, https:\/\/www.fewo-windrose-schoenbergerstrand.de\/wp-content\/uploads\/2022\/07\/20220702_142118-2048x1154.jpg 2048w\" sizes=\"(max-width: 2560px) 100vw, 2560px\" \/><\/figure>\n\n\n\n<div style=\"height:30px\" aria-hidden=\"true\" class=\"wp-block-spacer\"><\/div>\n\n\n\n<p class=\"has-text-align-center has-text-color has-small-font-size\" style=\"color:#18344c;line-height:.9\"><strong>AKTIV UNTERWEGS<\/strong><\/p>\n\n\n\n<h2 class=\"has-text-align-center has-text-color\" id=\"schedule-a-visit\" style=\"color:#80abc4;font-size:30px;line-height:1.15\"><strong>Wassersport, <strong>Radfahren<\/strong> und Nordic Walking<\/strong><\/h2>\n\n\n\n<h4 class=\"has-text-align-center has-text-color has-small-font-size\" style=\"color:#18344c\">Wassersport<\/h4>\n\n\n\n<p class=\"has-text-align-center has-text-color\" style=\"color:#18344c\">Der Sch\u00f6nberger Strand ist ein Paradies f\u00fcr Wassersportler mit hervorragenden Bedingungen f\u00fcr Wassersportaktivit\u00e4ten aller Art. Zwei Wassersportschulen befinden sich unweit unserer Ferienwohnung und bieten ein umfangreiches Kursangebot f\u00fcr Einsteiger, Fortgeschrittene und Neugierige, die einfach mal in eine Sportart reinschnuppern wollen. <\/p>\n\n\n\n<div style=\"height:10px\" aria-hidden=\"true\" class=\"wp-block-spacer\"><\/div>\n\n\n\n<h4 class=\"has-text-align-center has-text-color has-small-font-size\" style=\"color:#18344c\">Fahrradtouren<\/h4>\n\n\n\n<p class=\"has-text-align-center has-text-color\" style=\"color:#18344c\">Der Ostseek\u00fcstenradweg von der Flensburger F\u00f6rde bis nach Usedom f\u00fchrt auf seiner Route direkt am Sch\u00f6nberger Strand vorbei. Auf dem gut ausgebautem Weg l\u00e4sst es sich hervorragend radeln, immer mit dem Blick auf das Meer. Aber auch im Umland gibt es viel zu entdecken. Hier geht es von April bis Juni durch knallgelbe Rapsfelder, entlang an Wiesen und W\u00e4lder durch kleine D\u00f6rfer vorbei an M\u00fchlen, Schl\u00f6ssern und Herrenh\u00e4usern. Auf 4 unterschiedlichen Routen l\u00e4sst sich die Vielfalt der Probstei erkunden.<\/p>\n\n\n\n<div style=\"height:10px\" aria-hidden=\"true\" class=\"wp-block-spacer\"><\/div>\n\n\n\n<h4 class=\"has-text-align-center has-text-color has-small-font-size\" style=\"color:#18344c\">Nordic Walking<\/h4>\n\n\n\n<p class=\"has-text-align-center has-text-color\" style=\"color:#18344c\">56 Kilometer Lauf- und Nordic Walking Strecken geh\u00f6ren im Bereich des Ostseebades und der Probstei zu dem 800 km umfassenden Netz der speziell ausgeschilderten Laufrouten in Schleswig-Holstein. Rund um L\u00fctjenburg und Howacht finden sich 5 unterschiedlich lange Strecken mit verschiedenen Schwierigkeitsgraden. Egal, ob Einsteiger oder Profi, hier ist f\u00fcr jeden die richtige Strecke dabei. Regelm\u00e4\u00dfige Lauftreffs freuen sich auf interessierte Gastl\u00e4ufer.<\/p>\n\n\n\n<div style=\"height:30px\" aria-hidden=\"true\" class=\"wp-block-spacer\"><\/div>\n\n\n\n<p class=\"has-text-align-center\">Flyer zum Download<\/p>\n\n\n\n<div class=\"wp-container-1 wp-block-buttons is-style-gt-small\">\n<div class=\"wp-block-button has-custom-width wp-block-button__width-75 is-style-fill\"><a class=\"wp-block-button__link has-background\" href=\"https:\/\/www.fewo-windrose-schoenbergerstrand.de\/wp-content\/uploads\/2022\/07\/FL_Probstei_Rad_DinL_12S_f2022_v2b.pdf\" style=\"border-radius:50px;background-color:#80abc4\">FAHRRADROUTEN<\/a><\/div>\n\n\n\n<div class=\"wp-block-button has-custom-width wp-block-button__width-75 is-style-fill\"><a class=\"wp-block-button__link has-background\" href=\"https:\/\/www.fewo-windrose-schoenbergerstrand.de\/wp-content\/uploads\/2022\/07\/Probstei_Wassersport_2019.pdf\" style=\"border-radius:50px;background-color:#4c7f9f\">WASSERSPORTSCHULEN<\/a><\/div>\n\n\n\n<div class=\"wp-block-button has-custom-width wp-block-button__width-75 is-style-fill\"><a class=\"wp-block-button__link has-background\" href=\"https:\/\/www.fewo-windrose-schoenbergerstrand.de\/wp-content\/uploads\/2022\/07\/Ostsee_Laufkueste_Kartenflyer_Howachter_Bucht.pdf\" style=\"border-radius:50px;background-color:#18344c\">NORDIC WALKING ROUTEN<\/a><\/div>\n<\/div>\n\n\n\n<div style=\"height:10px\" aria-hidden=\"true\" class=\"wp-block-spacer\"><\/div>\n\n\n\n<div style=\"height:30px\" aria-hidden=\"true\" class=\"wp-block-spacer\"><\/div>\n\n\n\n<figure class=\"wp-block-image alignfull size-large is-style-default\"><img loading=\"lazy\" width=\"1024\" height=\"576\" src=\"https:\/\/www.fewo-windrose-schoenbergerstrand.de\/wp-content\/uploads\/2022\/06\/20220620_1952481-1024x576.jpg\" alt=\"\" class=\"wp-image-2442\" srcset=\"https:\/\/www.fewo-windrose-schoenbergerstrand.de\/wp-content\/uploads\/2022\/06\/20220620_1952481-1024x576.jpg 1024w, https:\/\/www.fewo-windrose-schoenbergerstrand.de\/wp-content\/uploads\/2022\/06\/20220620_1952481-300x169.jpg 300w, https:\/\/www.fewo-windrose-schoenbergerstrand.de\/wp-content\/uploads\/2022\/06\/20220620_1952481-768x432.jpg 768w, https:\/\/www.fewo-windrose-schoenbergerstrand.de\/wp-content\/uploads\/2022\/06\/20220620_1952481.jpg 1072w\" sizes=\"(max-width: 1024px) 100vw, 1024px\" \/><\/figure>\n\n\n\n<div style=\"height:30px\" aria-hidden=\"true\" class=\"wp-block-spacer\"><\/div>\n\n\n\n<p class=\"has-text-align-center has-text-color has-small-font-size\" style=\"color:#18344c;line-height:.9\"><strong>TAGESAUSFL\u00dcGE<\/strong><\/p>\n\n\n\n<h2 class=\"has-text-align-center has-text-color\" id=\"schedule-a-visit\" style=\"color:#80abc4;font-size:30px;line-height:1.15\"><strong>Es gibt viel zu entdecken &#8211; in der N\u00e4he und auch etwas weiter weg<\/strong><\/h2>\n\n\n\n<p class=\"has-text-align-center has-text-color\" style=\"color:#18344c\">Viele Ausflugsziele sind schnell mit dem Auto oder Fahrrad zu erreichen.<\/p>\n\n\n\n<details>\n   <summary>In der N\u00e4he<\/summary>\n   <h2 style=\"text-align:center\"><b>Museumsbahnhof<\/b><\/h2>\n   <p style=\"text-align:center\">850m<br><br>Betrieb historischer Eisenbahnen und Stra\u00dfenbahnen, Fahrzeugschau und Ausstellung.<br><br><a href=\"https:\/\/www.vvm-museumsbahn.de\/?id=200\">ansehen<\/a><\/p>\n<hr>\n   <h2 style=\"text-align:center\"><b>Technisches Museum U 995<\/b><\/h2>\n   <p style=\"text-align:center\">15 km<br><br>Historisch technisches Museum am Strand vor dem Marine-Ehrenmal.<br><br><a href=\"https:\/\/deutscher-marinebund.de\/marine-ehrenmal-u-995\/marine-ehrenmal\/\">ansehen<\/a><\/p>\n<hr>\n   <h2 style=\"text-align:center\"><b>Gut Panker<\/b><\/h2>\n   <p style=\"text-align:center\">16 km<br><br>Ein malerischer, kleiner Ort am Rande der Holsteinischen Schweiz.<br><br><a href=\"https:\/\/www.aufgutpanker.de\/\">ansehen<\/a><\/p>\n<\/details>\n<details>\n   <summary>Inmitten der Seenlandschaft<\/summary>\n   <h2 style=\"text-align:center\"><b>Pl\u00f6n<\/b><\/h2>\n   <p style=\"text-align:center\">37 km<br><br>Die ehemalige Residenzstadt ist umgeben von einer traumhaften Seenlandschaft. Das Schloss ist das Wahrzeichen der Stadt, die in ihrem Kern historisch gepr\u00e4gt ist.<br><br><a href=\"https:\/\/www.holsteinischeschweiz.de\/ploen\">ansehen<\/a><\/p>\n   <hr>\n<h2 style=\"text-align:center\"><b>Malente<\/b><\/h2>\n   <p style=\"text-align:center\">35 km<br><br>Kurort im Herzen der Holsteinischen Schweiz und Heimat des Immenhofs.<br><br><a href=\"https:\/\/www.holsteinischeschweiz.de\/malente\">ansehen<\/a><\/p>\n<hr>\n   <h2 style=\"text-align:center\"><b>Eutin<\/b><\/h2>\n   <p style=\"text-align:center\">44 km<br><br>Die Stadt ist reich an Geschichte. Das Stadtbild ist gepr\u00e4gt von historischen Fachwerkh\u00e4usern, kleinen Gassen, gem\u00fctlichen Boutiquen und Cafes. Das Schloss Eutin geh\u00f6rt zu den sch\u00f6nsten Schlossanlagen Schleswig-Holsteins.<br><br><a href=\"https:\/\/www.holsteinischeschweiz.de\/eutin\">ansehen<\/a><\/p>\n\n<p style=\"text-align:center\">Die 3 Orte liegen nicht weit auseinander und lassen sich bei einem Besuch gut kombinieren. Schiffsverbindungen gibt es zwischen Pl\u00f6n und Malente sowie zwischen Malente und Eutin.<\/p>   \n<\/details>\n\n<details>\n   <summary>Shopping und Freizeitpark<\/summary>\n   <h2 style=\"text-align:center\"><b>Designer Outlet Neum\u00fcnster<\/b><\/h2>\n   <p style=\"text-align:center\">68 km<br><br>Designer-Marken im Sale.<br>120 Boutiqen, Cafes &amp; Restaurants sowie einem Spielbereich f\u00fcr Kinder.<br><br><a href=\"https:\/\/www.mcarthurglen.com\/de\/outlets\/de\/designer-outlet-neumuenster\/\">ansehen<\/a><\/p>\n<hr>\n<h2 style=\"text-align:center\"><b>Hansa-Park<\/b><\/h2>\n   <p style=\"text-align:center\">58 km<br><br>Deutschlands einziger Erlebnispark am Meer mit mehr als 125 Attraktionen.<br><br><a href=\"https:\/\/www.hansapark.de\/\">ansehen<\/a><\/p>\n<\/details>\n\n<details>\n   <summary>Hansest\u00e4dte<\/summary>\n   <h2 style=\"text-align:center\"><b>L\u00fcbeck<\/b><\/h2>\n   <p style=\"text-align:center\">84 km<br><br>Die einstige Hauptstadt der Hanse weist eine imposante Backsteinarchitektur auf und ist ber\u00fchmt f\u00fcr ihr weltbekanntes Marzipan. In L\u00fcbeck gibt es viel zu entdecken, so auch das Holsten Tor, das Wahrzeichen der Stadt.<br><br><a href=\"https:\/\/www.luebeck-tourismus.de\/\">ansehen<\/a><\/p>\n<hr>\n   <h2 style=\"text-align:center\"><b>Hamburg<\/b><\/h2>\n   <p style=\"text-align:center\">125 km<br><br>Die Stadt an der Elbe mit dem gr\u00f6\u00dften Seehafen Deutschlands und drittgr\u00f6\u00dften Containerhafen Europas hat viele Facetten und zahlreiche Sehensw\u00fcrdigkeiten. Hinzu kommt ein vielseitiges kulinarisches und kulturelles Angebot.<br><br>Hamburg ist weltoffen, lebendig, maritim und geh\u00f6rt zu den lebenswertesten St\u00e4dten der Welt!<br><br><a href=\"https:\/\/www.hamburg-tourism.de\/sehen-erleben\/sehenswuerdigkeiten\/\">ansehen<\/a><\/p>\n<\/details>\n\n\n\n<div style=\"height:100px\" aria-hidden=\"true\" class=\"wp-block-spacer\"><\/div>\n\n\n\n<p><\/p>\n","protected":false},"excerpt":{"rendered":"<p>SCH\u00d6NBERGER STRAND UND UMGEBUNG Bi uns in&#8216; Norden In Schleswig-Holstein an den Ausl\u00e4ufern der Kieler F\u00f6rde befindet sich das Ostseebad Sch\u00f6nberg. Der Ortsteil Sch\u00f6nberger Strand liegt direkt an der K\u00fcstenlinie, er wartet mit einem langen, wei\u00dfsandigen Strand auf, der flach in die Ostsee abf\u00e4llt. Das Strandleben am Sch\u00f6nberger Strand ist vielseitig. Auf dem Asphaltweg entlang [&hellip;]<\/p>\n","protected":false},"author":1,"featured_media":0,"parent":0,"menu_order":0,"comment_status":"closed","ping_status":"closed","template":"","meta":{"gt_page_layout":"","gt_hide_page_title":true,"gt_remove_bottom_margin":false},"_links":{"self":[{"href":"https:\/\/www.fewo-windrose-schoenbergerstrand.de\/index.php?rest_route=\/wp\/v2\/pages\/1233"}],"collection":[{"href":"https:\/\/www.fewo-windrose-schoenbergerstrand.de\/index.php?rest_route=\/wp\/v2\/pages"}],"about":[{"href":"https:\/\/www.fewo-windrose-schoenbergerstrand.de\/index.php?rest_route=\/wp\/v2\/types\/page"}],"author":[{"embeddable":true,"href":"https:\/\/www.fewo-windrose-schoenbergerstrand.de\/index.php?rest_route=\/wp\/v2\/users\/1"}],"replies":[{"embeddable":true,"href":"https:\/\/www.fewo-windrose-schoenbergerstrand.de\/index.php?rest_route=%2Fwp%2Fv2%2Fcomments&post=1233"}],"version-history":[{"count":204,"href":"https:\/\/www.fewo-windrose-schoenbergerstrand.de\/index.php?rest_route=\/wp\/v2\/pages\/1233\/revisions"}],"predecessor-version":[{"id":3031,"href":"https:\/\/www.fewo-windrose-schoenbergerstrand.de\/index.php?rest_route=\/wp\/v2\/pages\/1233\/revisions\/3031"}],"wp:attachment":[{"href":"https:\/\/www.fewo-windrose-schoenbergerstrand.de\/index.php?rest_route=%2Fwp%2Fv2%2Fmedia&parent=1233"}],"curies":[{"name":"wp","href":"https:\/\/api.w.org\/{rel}","templated":true}]}}