{"id":2,"date":"2020-05-25T09:09:35","date_gmt":"2020-05-25T09:09:35","guid":{"rendered":"https:\/\/h136286.web172.dogado.net\/?page_id=2"},"modified":"2023-01-06T16:06:34","modified_gmt":"2023-01-06T16:06:34","slug":"sample-page","status":"publish","type":"page","link":"https:\/\/www.fewo-windrose-schoenbergerstrand.de\/","title":{"rendered":"Willkommen"},"content":{"rendered":"\n\n\n\n\n<div style=\"height:30px\" aria-hidden=\"true\" class=\"wp-block-spacer\"><\/div>\n\n\n\n<div style=\"height:40px\" aria-hidden=\"true\" class=\"wp-block-spacer\"><\/div>\n\n\n\n<h1 class=\"has-text-align-center has-text-color has-small-font-size\" style=\"color:#18344c\"><strong>URLAUB<\/strong> <strong>AN DER OSTSEE<\/strong><\/h1>\n\n\n\n<h2 class=\"has-text-align-center has-text-color\" id=\"schedule-a-visit\" style=\"color:#80abc4;font-size:30px;line-height:1.15\"><strong>Ankommen. Ankern. Auftanken<\/strong><\/h2>\n\n\n\n<p class=\"has-text-align-center has-text-color\" style=\"color:#18344c\">Alles tun k\u00f6nnen und nichts tun m\u00fcssen. Die wertvolle Urlaubszeit in vollen Z\u00fcgen genie\u00dfen und jeden Moment nach Lust und Laune gestalten. Genau das bietet Ihnen unsere Ferienwohnung <mark style=\"background-color:rgba(0, 0, 0, 0);color:#80abc4\" class=\"has-inline-color\"><strong>&#8222;WINDROSE&#8220;<\/strong><\/mark> am Sch\u00f6nberger Strand. <\/p>\n\n\n\n<div style=\"height:30px\" aria-hidden=\"true\" class=\"wp-block-spacer\"><\/div>\n\n\n\n<figure class=\"wp-block-image alignfull size-large gt-remove-margin-bottom\"><img loading=\"lazy\" width=\"1024\" height=\"555\" src=\"https:\/\/www.fewo-windrose-schoenbergerstrand.de\/wp-content\/uploads\/2021\/03\/200504CA2_9811-Eschenweg-1-Scho\u2560\u00eanberg-\u252c\u00ae-LM-Mu\u2560\u00ealler-F1-HDR-e1651004625701-1024x555.jpg\" alt=\"\" class=\"wp-image-147\" srcset=\"https:\/\/www.fewo-windrose-schoenbergerstrand.de\/wp-content\/uploads\/2021\/03\/200504CA2_9811-Eschenweg-1-Scho\u2560\u00eanberg-\u252c\u00ae-LM-Mu\u2560\u00ealler-F1-HDR-e1651004625701-1024x555.jpg 1024w, https:\/\/www.fewo-windrose-schoenbergerstrand.de\/wp-content\/uploads\/2021\/03\/200504CA2_9811-Eschenweg-1-Scho\u2560\u00eanberg-\u252c\u00ae-LM-Mu\u2560\u00ealler-F1-HDR-e1651004625701-300x163.jpg 300w, https:\/\/www.fewo-windrose-schoenbergerstrand.de\/wp-content\/uploads\/2021\/03\/200504CA2_9811-Eschenweg-1-Scho\u2560\u00eanberg-\u252c\u00ae-LM-Mu\u2560\u00ealler-F1-HDR-e1651004625701-768x416.jpg 768w, https:\/\/www.fewo-windrose-schoenbergerstrand.de\/wp-content\/uploads\/2021\/03\/200504CA2_9811-Eschenweg-1-Scho\u2560\u00eanberg-\u252c\u00ae-LM-Mu\u2560\u00ealler-F1-HDR-e1651004625701-1536x832.jpg 1536w, https:\/\/www.fewo-windrose-schoenbergerstrand.de\/wp-content\/uploads\/2021\/03\/200504CA2_9811-Eschenweg-1-Scho\u2560\u00eanberg-\u252c\u00ae-LM-Mu\u2560\u00ealler-F1-HDR-e1651004625701.jpg 1620w\" sizes=\"(max-width: 1024px) 100vw, 1024px\" \/><\/figure>\n\n\n\n<div class=\"wp-block-gt-blocks-section gt-background-section alignfull gt-medium-top-padding gt-medium-bottom-padding has-background\" style=\"background-color:#4c7f9f\"><div class=\"gt-section-content gt-wide-width\">\n<h1 class=\"has-text-align-center has-white-color has-text-color\" style=\"font-size:30px\">Appartement Windrose<\/h1>\n\n\n\n<p class=\"has-text-align-center has-white-color has-text-color\">Die wichtigsten Informationen zum Appartement auf einem Blick.<\/p>\n\n\n\n<div style=\"height:10px\" aria-hidden=\"true\" class=\"wp-block-spacer\"><\/div>\n\n\n\n<div class=\"wp-block-gt-blocks-features\"><div class=\"gt-grid-container gt-columns-3 gt-small-column-gap\">\n<div class=\"wp-block-gt-blocks-column\"><div class=\"gt-column\">\n<div style=\"text-align:center\" class=\"wp-block-gt-blocks-icon\"><div class=\"gt-icon gt-icon-medium has-text-color has-white-color\"><span class=\"gt-icon-svg\" data-icon=\"home\"><svg class=\"icon icon-home\" aria-hidden=\"true\" role=\"img\"><use href=\"https:\/\/www.fewo-windrose-schoenbergerstrand.de\/wp-content\/plugins\/gt-blocks\/assets\/icons\/fontawesome.svg#home\"><\/use><\/svg><\/span><\/div><\/div>\n\n\n\n<p class=\"has-text-align-center has-white-color has-text-color\">ca. 63 qm<\/p>\n<\/div><\/div>\n\n\n\n<div class=\"wp-block-gt-blocks-column\"><div class=\"gt-column\">\n<div style=\"text-align:center\" class=\"wp-block-gt-blocks-icon\"><div class=\"gt-icon gt-icon-medium has-text-color has-white-color\"><span class=\"gt-icon-svg\" data-icon=\"users\"><svg class=\"icon icon-users\" aria-hidden=\"true\" role=\"img\"><use href=\"https:\/\/www.fewo-windrose-schoenbergerstrand.de\/wp-content\/plugins\/gt-blocks\/assets\/icons\/fontawesome.svg#users\"><\/use><\/svg><\/span><\/div><\/div>\n\n\n\n<p class=\"has-text-align-center has-white-color has-text-color\">max. 4 G\u00e4ste<\/p>\n<\/div><\/div>\n\n\n\n<div class=\"wp-block-gt-blocks-column\"><div class=\"gt-column\">\n<div style=\"text-align:center\" class=\"wp-block-gt-blocks-icon\"><div class=\"gt-icon gt-icon-medium has-text-color has-white-color\"><span class=\"gt-icon-svg\" data-icon=\"bed\"><svg class=\"icon icon-bed\" aria-hidden=\"true\" role=\"img\"><use href=\"https:\/\/www.fewo-windrose-schoenbergerstrand.de\/wp-content\/plugins\/gt-blocks\/assets\/icons\/fontawesome.svg#bed\"><\/use><\/svg><\/span><\/div><\/div>\n\n\n\n<p class=\"has-text-align-center has-white-color has-text-color\">2 Schlafzimmer<\/p>\n<\/div><\/div>\n\n\n\n<div class=\"wp-block-gt-blocks-column\"><div class=\"gt-column\">\n<div style=\"text-align:center\" class=\"wp-block-gt-blocks-icon\"><div class=\"gt-icon gt-icon-medium has-text-color has-white-color\"><span class=\"gt-icon-svg\" data-icon=\"wifi\"><svg class=\"icon icon-wifi\" aria-hidden=\"true\" role=\"img\"><use href=\"https:\/\/www.fewo-windrose-schoenbergerstrand.de\/wp-content\/plugins\/gt-blocks\/assets\/icons\/fontawesome.svg#wifi\"><\/use><\/svg><\/span><\/div><\/div>\n\n\n\n<p class=\"has-text-align-center has-white-color has-text-color\">WiFi kostenlos<\/p>\n<\/div><\/div>\n\n\n\n<div class=\"wp-block-gt-blocks-column\"><div class=\"gt-column\">\n<div style=\"text-align:center\" class=\"wp-block-gt-blocks-icon\"><div class=\"gt-icon gt-icon-medium has-text-color has-white-color\"><span class=\"gt-icon-svg\" data-icon=\"smoking-ban\"><svg class=\"icon icon-smoking-ban\" aria-hidden=\"true\" role=\"img\"><use href=\"https:\/\/www.fewo-windrose-schoenbergerstrand.de\/wp-content\/plugins\/gt-blocks\/assets\/icons\/fontawesome.svg#smoking-ban\"><\/use><\/svg><\/span><\/div><\/div>\n\n\n\n<p class=\"has-text-align-center has-white-color has-text-color\">Nichtraucher<\/p>\n<\/div><\/div>\n\n\n\n<div class=\"wp-block-gt-blocks-column\"><div class=\"gt-column\">\n<div style=\"text-align:center\" class=\"wp-block-gt-blocks-icon\"><div class=\"gt-icon gt-icon-medium has-text-color has-white-color\"><span class=\"gt-icon-svg\" data-icon=\"umbrella-beach\"><svg class=\"icon icon-umbrella-beach\" aria-hidden=\"true\" role=\"img\"><use href=\"https:\/\/www.fewo-windrose-schoenbergerstrand.de\/wp-content\/plugins\/gt-blocks\/assets\/icons\/fontawesome.svg#umbrella-beach\"><\/use><\/svg><\/span><\/div><\/div>\n\n\n\n<p class=\"has-text-align-center has-white-color has-text-color\">200 Meter<\/p>\n<\/div><\/div>\n<\/div><\/div>\n\n\n\n<div style=\"height:30px\" aria-hidden=\"true\" class=\"wp-block-spacer\"><\/div>\n\n\n\n<div class=\"wp-container-1 wp-block-buttons is-style-default\">\n<div class=\"wp-block-button has-custom-width wp-block-button__width-75 is-style-fill\"><a class=\"wp-block-button__link has-background\" href=\"https:\/\/www.fewo-windrose-schoenbergerstrand.de\/?page_id=155\" style=\"border-radius:50px;background-color:#80abc4\">WEITERE INFOS<\/a><\/div>\n\n\n\n<div class=\"wp-block-button has-custom-width wp-block-button__width-75 is-style-fill\"><a class=\"wp-block-button__link has-white-background-color has-text-color has-background\" href=\"https:\/\/www.fewo-windrose-schoenbergerstrand.de\/?page_id=990\" style=\"border-radius:50px;color:#80abc4\">BUCHUNGSANFRAGE<\/a><\/div>\n<\/div>\n\n\n\n<div style=\"height:20px\" aria-hidden=\"true\" class=\"wp-block-spacer\"><\/div>\n<\/div><\/div>\n\n\n\n<div class=\"wp-block-image gt-remove-margin-bottom\"><figure class=\"aligncenter size-large\"><img loading=\"lazy\" width=\"1024\" height=\"588\" src=\"https:\/\/www.fewo-windrose-schoenbergerstrand.de\/wp-content\/uploads\/2020\/10\/200504CA4_7529-Eschenweg-1-Scho\u2560\u00eanberg-\u252c\u00ae-LM-Mu\u2560\u00ealler-F1-e1651085266448-1024x588.jpg\" alt=\"Hausansicht Ferienapartment Windrose\" class=\"wp-image-139\" srcset=\"https:\/\/www.fewo-windrose-schoenbergerstrand.de\/wp-content\/uploads\/2020\/10\/200504CA4_7529-Eschenweg-1-Scho\u2560\u00eanberg-\u252c\u00ae-LM-Mu\u2560\u00ealler-F1-e1651085266448-1024x588.jpg 1024w, https:\/\/www.fewo-windrose-schoenbergerstrand.de\/wp-content\/uploads\/2020\/10\/200504CA4_7529-Eschenweg-1-Scho\u2560\u00eanberg-\u252c\u00ae-LM-Mu\u2560\u00ealler-F1-e1651085266448-300x172.jpg 300w, https:\/\/www.fewo-windrose-schoenbergerstrand.de\/wp-content\/uploads\/2020\/10\/200504CA4_7529-Eschenweg-1-Scho\u2560\u00eanberg-\u252c\u00ae-LM-Mu\u2560\u00ealler-F1-e1651085266448-768x441.jpg 768w, https:\/\/www.fewo-windrose-schoenbergerstrand.de\/wp-content\/uploads\/2020\/10\/200504CA4_7529-Eschenweg-1-Scho\u2560\u00eanberg-\u252c\u00ae-LM-Mu\u2560\u00ealler-F1-e1651085266448-1536x883.jpg 1536w, https:\/\/www.fewo-windrose-schoenbergerstrand.de\/wp-content\/uploads\/2020\/10\/200504CA4_7529-Eschenweg-1-Scho\u2560\u00eanberg-\u252c\u00ae-LM-Mu\u2560\u00ealler-F1-e1651085266448.jpg 1620w\" sizes=\"(max-width: 1024px) 100vw, 1024px\" \/><\/figure><\/div>\n\n\n\n<figure class=\"wp-block-gallery has-nested-images columns-2 is-cropped\">\n<figure class=\"wp-block-image size-large is-style-default gt-remove-margin-bottom\"><img loading=\"lazy\" width=\"1620\" height=\"1080\" data-id=\"906\"  src=\"https:\/\/www.fewo-windrose-schoenbergerstrand.de\/wp-content\/uploads\/2021\/12\/200504CA2_9850-Eschenweg-1-Scho\u2560\u00eanberg-\u252c\u00ae-LM-Mu\u2560\u00ealler-F1-HDR-1.jpg\" alt=\"\" class=\"wp-image-906\" srcset=\"https:\/\/www.fewo-windrose-schoenbergerstrand.de\/wp-content\/uploads\/2021\/12\/200504CA2_9850-Eschenweg-1-Scho\u2560\u00eanberg-\u252c\u00ae-LM-Mu\u2560\u00ealler-F1-HDR-1.jpg 1620w, https:\/\/www.fewo-windrose-schoenbergerstrand.de\/wp-content\/uploads\/2021\/12\/200504CA2_9850-Eschenweg-1-Scho\u2560\u00eanberg-\u252c\u00ae-LM-Mu\u2560\u00ealler-F1-HDR-1-300x200.jpg 300w, https:\/\/www.fewo-windrose-schoenbergerstrand.de\/wp-content\/uploads\/2021\/12\/200504CA2_9850-Eschenweg-1-Scho\u2560\u00eanberg-\u252c\u00ae-LM-Mu\u2560\u00ealler-F1-HDR-1-1024x683.jpg 1024w, https:\/\/www.fewo-windrose-schoenbergerstrand.de\/wp-content\/uploads\/2021\/12\/200504CA2_9850-Eschenweg-1-Scho\u2560\u00eanberg-\u252c\u00ae-LM-Mu\u2560\u00ealler-F1-HDR-1-768x512.jpg 768w, https:\/\/www.fewo-windrose-schoenbergerstrand.de\/wp-content\/uploads\/2021\/12\/200504CA2_9850-Eschenweg-1-Scho\u2560\u00eanberg-\u252c\u00ae-LM-Mu\u2560\u00ealler-F1-HDR-1-1536x1024.jpg 1536w\" sizes=\"(max-width: 1620px) 100vw, 1620px\" \/><\/figure>\n\n\n\n<figure class=\"wp-block-image size-large is-style-default gt-remove-margin-bottom\"><img loading=\"lazy\" width=\"1620\" height=\"1080\" data-id=\"809\"  src=\"https:\/\/www.fewo-windrose-schoenbergerstrand.de\/wp-content\/uploads\/2021\/11\/200504CA2_9859-Eschenweg-1-Scho\u2560\u00eanberg-\u252c\u00ae-LM-Mu\u2560\u00ealler-F1-HDR.jpg\" alt=\"\" class=\"wp-image-809\" srcset=\"https:\/\/www.fewo-windrose-schoenbergerstrand.de\/wp-content\/uploads\/2021\/11\/200504CA2_9859-Eschenweg-1-Scho\u2560\u00eanberg-\u252c\u00ae-LM-Mu\u2560\u00ealler-F1-HDR.jpg 1620w, https:\/\/www.fewo-windrose-schoenbergerstrand.de\/wp-content\/uploads\/2021\/11\/200504CA2_9859-Eschenweg-1-Scho\u2560\u00eanberg-\u252c\u00ae-LM-Mu\u2560\u00ealler-F1-HDR-300x200.jpg 300w, https:\/\/www.fewo-windrose-schoenbergerstrand.de\/wp-content\/uploads\/2021\/11\/200504CA2_9859-Eschenweg-1-Scho\u2560\u00eanberg-\u252c\u00ae-LM-Mu\u2560\u00ealler-F1-HDR-1024x683.jpg 1024w, https:\/\/www.fewo-windrose-schoenbergerstrand.de\/wp-content\/uploads\/2021\/11\/200504CA2_9859-Eschenweg-1-Scho\u2560\u00eanberg-\u252c\u00ae-LM-Mu\u2560\u00ealler-F1-HDR-768x512.jpg 768w, https:\/\/www.fewo-windrose-schoenbergerstrand.de\/wp-content\/uploads\/2021\/11\/200504CA2_9859-Eschenweg-1-Scho\u2560\u00eanberg-\u252c\u00ae-LM-Mu\u2560\u00ealler-F1-HDR-1536x1024.jpg 1536w\" sizes=\"(max-width: 1620px) 100vw, 1620px\" \/><\/figure>\n<\/figure>\n\n\n\n<div style=\"height:40px\" aria-hidden=\"true\" class=\"wp-block-spacer\"><\/div>\n\n\n\n<h1 class=\"has-text-align-center has-text-color has-small-font-size\" style=\"color:#18344c\"><strong>N 54\u00b0 24&#8242; 56.934, E 10\u00b0 24&#8242; 26.8596<\/strong><\/h1>\n\n\n\n<h2 class=\"has-text-align-center has-text-color\" id=\"schedule-a-visit\" style=\"color:#80abc4;font-size:30px;line-height:1.15\"><strong>In bester Lage<\/strong><\/h2>\n\n\n\n<p class=\"has-text-align-center has-text-color\" style=\"color:#18344c\">Unsere liebevoll eingerichtete Wohnung befindet sich in ruhiger Lage am Ende einer Sackgasse. Zum Strand sind es nur 200 Meter, den Supermarkt und die B\u00e4ckerei erreichen Sie in wenigen Gehminuten. Das <strong><mark style=\"background-color:rgba(0, 0, 0, 0);color:#80abc4\" class=\"has-inline-color\">Ostseebad Sch\u00f6nberg<\/mark><\/strong> mit den langen und feinsandigen Str\u00e4nden befindet sich in mitten der Probstei gelegen. Hier hei\u00dft es Natur erleben, Meer und Strand genie\u00dfen, aktiv sein oder gem\u00fctlich Essen gehen.<\/p>\n\n\n\n<div style=\"height:20px\" aria-hidden=\"true\" class=\"wp-block-spacer\"><\/div>\n\n\n\n<div class=\"wp-container-2 wp-block-buttons\">\n<div class=\"wp-block-button has-custom-width wp-block-button__width-75 is-style-fill\"><a class=\"wp-block-button__link has-background\" href=\"https:\/\/www.fewo-windrose-schoenbergerstrand.de\/?page_id=1233\" style=\"border-radius:49px;background-color:#4c7f9f\">URLAUB IN SCH\u00d6NBERG<\/a><\/div>\n<\/div>\n\n\n\n<div style=\"height:60px\" aria-hidden=\"true\" class=\"wp-block-spacer\"><\/div>\n\n\n\n<figure class=\"wp-block-image alignfull\"><img loading=\"lazy\" width=\"1024\" height=\"576\" src=\"https:\/\/www.fewo-windrose-schoenbergerstrand.de\/wp-content\/uploads\/2022\/05\/20220501_231859-1024x576.jpg\" alt=\"\" class=\"wp-image-1608\" srcset=\"https:\/\/www.fewo-windrose-schoenbergerstrand.de\/wp-content\/uploads\/2022\/05\/20220501_231859-1024x576.jpg 1024w, https:\/\/www.fewo-windrose-schoenbergerstrand.de\/wp-content\/uploads\/2022\/05\/20220501_231859-300x169.jpg 300w, https:\/\/www.fewo-windrose-schoenbergerstrand.de\/wp-content\/uploads\/2022\/05\/20220501_231859-768x432.jpg 768w, https:\/\/www.fewo-windrose-schoenbergerstrand.de\/wp-content\/uploads\/2022\/05\/20220501_231859-1536x864.jpg 1536w, https:\/\/www.fewo-windrose-schoenbergerstrand.de\/wp-content\/uploads\/2022\/05\/20220501_231859-2048x1152.jpg 2048w\" sizes=\"(max-width: 1024px) 100vw, 1024px\" \/><\/figure>\n\n\n\n<div class=\"wp-container-3 wp-block-group alignfull has-text-color has-background\" style=\"background-color:#ffffff;color:#000000\"><div class=\"wp-block-group__inner-container\">\n<h1 class=\"has-text-align-center has-small-font-size\"><strong>LUST AUF MEER<\/strong><\/h1>\n\n\n\n<h2 class=\"has-text-align-center has-text-color\" id=\"schedule-a-visit\" style=\"color:#80abc4;font-size:30px;line-height:1.15\">Setzen Sie die Segel<\/h2>\n\n\n\n<p class=\"has-text-align-center has-text-color\" style=\"color:#18344c\">Ob Sie im Strandkorb liegen, auf dem Deich spazieren oder Ausfl\u00fcge in die wundersch\u00f6ne Umgebungen der Probstei unternehmen m\u00f6chten, wir sind \u00fcberzeugt, dass Sie am Sch\u00f6nberger Strand einen gro\u00dfartigen Urlaub verbringen k\u00f6nnen. Unser Anspruch ist es, Ihnen f\u00fcr diese Zeit eine sch\u00f6ne Unterkunft zur Verf\u00fcgung stellen zu k\u00f6nnen. <\/p>\n\n\n\n<p class=\"has-text-align-center has-text-color\" style=\"color:#18344c\">Genie\u00dfen Sie die Ostseeluft und lassen Sie die Seele baumeln.<br>Wir w\u00fcrden uns freuen Sie als unsere G\u00e4ste begr\u00fc\u00dfen zu d\u00fcrfen.<\/p>\n\n\n\n<h2 class=\"has-text-align-center has-text-color\" style=\"color:#80abc4;font-size:25px\">Ihre<br>Familie Bredemeyer<\/h2>\n\n\n\n<div style=\"height:21px\" aria-hidden=\"true\" class=\"wp-block-spacer\"><\/div>\n<\/div><\/div>\n","protected":false},"excerpt":{"rendered":"<p>URLAUB AN DER OSTSEE Ankommen. Ankern. Auftanken Alles tun k\u00f6nnen und nichts tun m\u00fcssen. Die wertvolle Urlaubszeit in vollen Z\u00fcgen genie\u00dfen und jeden Moment nach Lust und Laune gestalten. Genau das bietet Ihnen unsere Ferienwohnung &#8222;WINDROSE&#8220; am Sch\u00f6nberger Strand. N 54\u00b0 24&#8242; 56.934, E 10\u00b0 24&#8242; 26.8596 In bester Lage Unsere liebevoll eingerichtete Wohnung befindet [&hellip;]<\/p>\n","protected":false},"author":1,"featured_media":0,"parent":0,"menu_order":0,"comment_status":"closed","ping_status":"open","template":"template-full-width-no-bottom-margin.php","meta":{"gt_page_layout":"","gt_hide_page_title":true,"gt_remove_bottom_margin":false},"_links":{"self":[{"href":"https:\/\/www.fewo-windrose-schoenbergerstrand.de\/index.php?rest_route=\/wp\/v2\/pages\/2"}],"collection":[{"href":"https:\/\/www.fewo-windrose-schoenbergerstrand.de\/index.php?rest_route=\/wp\/v2\/pages"}],"about":[{"href":"https:\/\/www.fewo-windrose-schoenbergerstrand.de\/index.php?rest_route=\/wp\/v2\/types\/page"}],"author":[{"embeddable":true,"href":"https:\/\/www.fewo-windrose-schoenbergerstrand.de\/index.php?rest_route=\/wp\/v2\/users\/1"}],"replies":[{"embeddable":true,"href":"https:\/\/www.fewo-windrose-schoenbergerstrand.de\/index.php?rest_route=%2Fwp%2Fv2%2Fcomments&post=2"}],"version-history":[{"count":420,"href":"https:\/\/www.fewo-windrose-schoenbergerstrand.de\/index.php?rest_route=\/wp\/v2\/pages\/2\/revisions"}],"predecessor-version":[{"id":3011,"href":"https:\/\/www.fewo-windrose-schoenbergerstrand.de\/index.php?rest_route=\/wp\/v2\/pages\/2\/revisions\/3011"}],"wp:attachment":[{"href":"https:\/\/www.fewo-windrose-schoenbergerstrand.de\/index.php?rest_route=%2Fwp%2Fv2%2Fmedia&parent=2"}],"curies":[{"name":"wp","href":"https:\/\/api.w.org\/{rel}","templated":true}]}}